{"id":635,"date":"2023-09-13T10:21:34","date_gmt":"2023-09-13T07:21:34","guid":{"rendered":"http:\/\/www.sorelektrik.com\/?post_type=product&#038;p=635"},"modified":"2023-09-13T10:21:35","modified_gmt":"2023-09-13T07:21:35","slug":"zaman-saatleri","status":"publish","type":"product","link":"https:\/\/www.sorelektrik.com\/index.php\/urun\/zaman-saatleri\/","title":{"rendered":"Zaman Saatleri"},"content":{"rendered":"","protected":false},"excerpt":{"rendered":"<div>Kullan\u0131c\u0131n\u0131n ayarlamas\u0131 dahilinde elektrik devrelerini ayarlamalara ba\u011fl\u0131 olarak otomatik a\u0131p\/kapatan mekanik ve dijital cihazlard\u0131r.<\/div>\n<div>\u2022 Sulama alanlar\u0131, ayd\u0131nlatma sistemleri, zil, \u0131s\u0131tma\/so\u011futma sistemlerinde<\/div>\n<div>\u2022 220-240V \u00e7al\u0131\u015fma voltaj\u0131<\/div>\n<div>\u2022 50-60 Hz \u00e7al\u0131\u015fma frekans\u0131<\/div>\n<div>\u2022 16A<\/div>\n<div>\u2022 R=100h<\/div>\n<div>\u2022 G\u00fcnl\u00fck tekrarlama modu<\/div>\n<div>\u2022 D\u00f6ner kadran t\u0131rnaklar\u0131 15dk\u2019l\u0131k zaman dilimine sahiptir<\/div>\n<div>\u2022 DIN ray\u0131na kolay montaj<\/div>\n<div><\/div>\n<div><strong>TEKN\u0130K \u00d6ZELL\u0130KLER<\/strong><\/div>\n<div><\/div>\n<div>\u25a0 220 \/ 230 V AC<br \/>\n\u25a0 50 \/ 60 Hz frekans<br \/>\n\u25a0 Nominal ak\u0131m : 25A ve 40A<br \/>\n\u25a0 Nominal \u00e7al\u0131\u015fma voltaj\u0131 (V) : 250 V<br \/>\n\u25a0 Nominal darbe dayan\u0131m voltaj\u0131 : 4 kV<br \/>\n\u25a0 Maksimum g\u00fc\u00e7 : 1,2W\u2019 da 250 V AC<br \/>\n\u25a0 Anahtarlama frekans\u0131 : 100 anahtarlama i\u015flem\/g\u00fcn<\/p>\n<p><strong>Yard\u0131mc\u0131 Kontaklar:<\/strong><br \/>\n\u25a0 1NA \u2013 1NK yard\u0131mc\u0131 kontak<\/p>\n<p><strong>Tamamlay\u0131c\u0131lar:<\/strong><br \/>\n\u25a0 Cihaz \u00fczeri sinyalizasyon ile i\u015flem g\u00f6stergesi<br \/>\n\u25a0 Uzaktan kontrol<br \/>\n\u25a0 VA cinsinden tutma g\u00fc\u00e7 t\u00fcketimi : 2,7 VA<br \/>\n\u25a0 VA cinsinden kalk\u0131\u015f g\u00fc\u00e7 t\u00fcketimi : 9,2 VA<br \/>\n\u25a0 Mekanik dayan\u0131kl\u0131l\u0131k 1000000 cycles<br \/>\n\u25a0 Kontrol devresi s\u0131kma torku : 0.8 N.m<br \/>\n\u25a0 G\u00fc\u00e7 devresi s\u0131kma torku : 0.8 N.m<\/div>\n","protected":false},"featured_media":636,"comment_status":"closed","ping_status":"closed","template":"","meta":[],"product_brand":[],"product_cat":[45],"product_tag":[],"class_list":{"0":"post-635","1":"product","2":"type-product","3":"status-publish","4":"has-post-thumbnail","6":"product_cat-moduler-sessiz-kontaktorler","8":"first","9":"instock","10":"shipping-taxable","11":"product-type-simple"},"yoast_head":"<!-- This site is optimized with the Yoast SEO plugin v27.4 - https:\/\/yoast.com\/product\/yoast-seo-wordpress\/ -->\n<title>Zaman Saatleri - Sor Elektrik<\/title>\n<meta name=\"robots\" content=\"index, follow, max-snippet:-1, max-image-preview:large, max-video-preview:-1\" \/>\n<link rel=\"canonical\" href=\"https:\/\/www.sorelektrik.com\/index.php\/urun\/zaman-saatleri\/\" \/>\n<meta property=\"og:locale\" content=\"tr_TR\" \/>\n<meta property=\"og:type\" content=\"article\" \/>\n<meta property=\"og:title\" content=\"Zaman Saatleri - Sor Elektrik\" \/>\n<meta property=\"og:description\" content=\"Kullan\u0131c\u0131n\u0131n ayarlamas\u0131 dahilinde elektrik devrelerini ayarlamalara ba\u011fl\u0131 olarak otomatik a\u0131p\/kapatan mekanik ve dijital cihazlard\u0131r. \u2022 Sulama alanlar\u0131, ayd\u0131nlatma sistemleri, zil, \u0131s\u0131tma\/so\u011futma sistemlerinde \u2022 220-240V \u00e7al\u0131\u015fma voltaj\u0131 \u2022 50-60 Hz \u00e7al\u0131\u015fma frekans\u0131 \u2022 16A \u2022 R=100h \u2022 G\u00fcnl\u00fck tekrarlama modu \u2022 D\u00f6ner kadran t\u0131rnaklar\u0131 15dk\u2019l\u0131k zaman dilimine sahiptir \u2022 DIN ray\u0131na kolay montaj  TEKN\u0130K \u00d6ZELL\u0130KLER  \u25a0 220 \/ 230 V AC \u25a0 50 \/ 60 Hz frekans \u25a0 Nominal ak\u0131m : 25A ve 40A \u25a0 Nominal \u00e7al\u0131\u015fma voltaj\u0131 (V) : 250 V \u25a0 Nominal darbe dayan\u0131m voltaj\u0131 : 4 kV \u25a0 Maksimum g\u00fc\u00e7 : 1,2W\u2019 da 250 V AC \u25a0 Anahtarlama frekans\u0131 : 100 anahtarlama i\u015flem\/g\u00fcn  Yard\u0131mc\u0131 Kontaklar: \u25a0 1NA \u2013 1NK yard\u0131mc\u0131 kontak  Tamamlay\u0131c\u0131lar: \u25a0 Cihaz \u00fczeri sinyalizasyon ile i\u015flem g\u00f6stergesi \u25a0 Uzaktan kontrol \u25a0 VA cinsinden tutma g\u00fc\u00e7 t\u00fcketimi : 2,7 VA \u25a0 VA cinsinden kalk\u0131\u015f g\u00fc\u00e7 t\u00fcketimi : 9,2 VA \u25a0 Mekanik dayan\u0131kl\u0131l\u0131k 1000000 cycles \u25a0 Kontrol devresi s\u0131kma torku : 0.8 N.m \u25a0 G\u00fc\u00e7 devresi s\u0131kma torku : 0.8 N.m\" \/>\n<meta property=\"og:url\" content=\"https:\/\/www.sorelektrik.com\/index.php\/urun\/zaman-saatleri\/\" \/>\n<meta property=\"og:site_name\" content=\"Sor Elektrik\" \/>\n<meta property=\"article:modified_time\" content=\"2023-09-13T07:21:35+00:00\" \/>\n<meta property=\"og:image\" content=\"https:\/\/www.sorelektrik.com\/wp-content\/uploads\/2023\/09\/WhatsApp-Girsel-2022-11-02-saat-11.40.png\" \/>\n\t<meta property=\"og:image:width\" content=\"467\" \/>\n\t<meta property=\"og:image:height\" content=\"1321\" \/>\n\t<meta property=\"og:image:type\" content=\"image\/png\" \/>\n<meta name=\"twitter:card\" content=\"summary_large_image\" \/>\n<script type=\"application\/ld+json\" class=\"yoast-schema-graph\">{\"@context\":\"https:\\\/\\\/schema.org\",\"@graph\":[{\"@type\":\"WebPage\",\"@id\":\"https:\\\/\\\/www.sorelektrik.com\\\/index.php\\\/urun\\\/zaman-saatleri\\\/\",\"url\":\"https:\\\/\\\/www.sorelektrik.com\\\/index.php\\\/urun\\\/zaman-saatleri\\\/\",\"name\":\"Zaman Saatleri - Sor Elektrik\",\"isPartOf\":{\"@id\":\"https:\\\/\\\/www.sorelektrik.com\\\/#website\"},\"primaryImageOfPage\":{\"@id\":\"https:\\\/\\\/www.sorelektrik.com\\\/index.php\\\/urun\\\/zaman-saatleri\\\/#primaryimage\"},\"image\":{\"@id\":\"https:\\\/\\\/www.sorelektrik.com\\\/index.php\\\/urun\\\/zaman-saatleri\\\/#primaryimage\"},\"thumbnailUrl\":\"https:\\\/\\\/www.sorelektrik.com\\\/wp-content\\\/uploads\\\/2023\\\/09\\\/WhatsApp-Girsel-2022-11-02-saat-11.40.png\",\"datePublished\":\"2023-09-13T07:21:34+00:00\",\"dateModified\":\"2023-09-13T07:21:35+00:00\",\"breadcrumb\":{\"@id\":\"https:\\\/\\\/www.sorelektrik.com\\\/index.php\\\/urun\\\/zaman-saatleri\\\/#breadcrumb\"},\"inLanguage\":\"tr\",\"potentialAction\":[{\"@type\":\"ReadAction\",\"target\":[\"https:\\\/\\\/www.sorelektrik.com\\\/index.php\\\/urun\\\/zaman-saatleri\\\/\"]}]},{\"@type\":\"ImageObject\",\"inLanguage\":\"tr\",\"@id\":\"https:\\\/\\\/www.sorelektrik.com\\\/index.php\\\/urun\\\/zaman-saatleri\\\/#primaryimage\",\"url\":\"https:\\\/\\\/www.sorelektrik.com\\\/wp-content\\\/uploads\\\/2023\\\/09\\\/WhatsApp-Girsel-2022-11-02-saat-11.40.png\",\"contentUrl\":\"https:\\\/\\\/www.sorelektrik.com\\\/wp-content\\\/uploads\\\/2023\\\/09\\\/WhatsApp-Girsel-2022-11-02-saat-11.40.png\",\"width\":467,\"height\":1321},{\"@type\":\"BreadcrumbList\",\"@id\":\"https:\\\/\\\/www.sorelektrik.com\\\/index.php\\\/urun\\\/zaman-saatleri\\\/#breadcrumb\",\"itemListElement\":[{\"@type\":\"ListItem\",\"position\":1,\"name\":\"Anasayfa\",\"item\":\"https:\\\/\\\/www.sorelektrik.com\\\/\"},{\"@type\":\"ListItem\",\"position\":2,\"name\":\"\u00dcr\u00fcnlerimiz\",\"item\":\"https:\\\/\\\/www.sorelektrik.com\\\/index.php\\\/urunlerimiz\\\/\"},{\"@type\":\"ListItem\",\"position\":3,\"name\":\"Zaman Saatleri\"}]},{\"@type\":\"WebSite\",\"@id\":\"https:\\\/\\\/www.sorelektrik.com\\\/#website\",\"url\":\"https:\\\/\\\/www.sorelektrik.com\\\/\",\"name\":\"Sor Elektrik\",\"description\":\"Kalite Hi\u00e7bir Zaman Tesad\u00fcf De\u011fildir\",\"publisher\":{\"@id\":\"https:\\\/\\\/www.sorelektrik.com\\\/#organization\"},\"alternateName\":\"http:\\\/\\\/www.sorelektrik.com\\\/\",\"potentialAction\":[{\"@type\":\"SearchAction\",\"target\":{\"@type\":\"EntryPoint\",\"urlTemplate\":\"https:\\\/\\\/www.sorelektrik.com\\\/?s={search_term_string}\"},\"query-input\":{\"@type\":\"PropertyValueSpecification\",\"valueRequired\":true,\"valueName\":\"search_term_string\"}}],\"inLanguage\":\"tr\"},{\"@type\":\"Organization\",\"@id\":\"https:\\\/\\\/www.sorelektrik.com\\\/#organization\",\"name\":\"Sor Elektrik\",\"alternateName\":\"http:\\\/\\\/www.sorelektrik.com\\\/\",\"url\":\"https:\\\/\\\/www.sorelektrik.com\\\/\",\"logo\":{\"@type\":\"ImageObject\",\"inLanguage\":\"tr\",\"@id\":\"https:\\\/\\\/www.sorelektrik.com\\\/#\\\/schema\\\/logo\\\/image\\\/\",\"url\":\"http:\\\/\\\/www.sorelektrik.com\\\/wp-content\\\/uploads\\\/2023\\\/09\\\/sorlogoicon_Calisma-Yuzeyi-1.png\",\"contentUrl\":\"http:\\\/\\\/www.sorelektrik.com\\\/wp-content\\\/uploads\\\/2023\\\/09\\\/sorlogoicon_Calisma-Yuzeyi-1.png\",\"width\":2134,\"height\":2134,\"caption\":\"Sor Elektrik\"},\"image\":{\"@id\":\"https:\\\/\\\/www.sorelektrik.com\\\/#\\\/schema\\\/logo\\\/image\\\/\"}}]}<\/script>\n<!-- \/ Yoast SEO plugin. -->","yoast_head_json":{"title":"Zaman Saatleri - Sor Elektrik","robots":{"index":"index","follow":"follow","max-snippet":"max-snippet:-1","max-image-preview":"max-image-preview:large","max-video-preview":"max-video-preview:-1"},"canonical":"https:\/\/www.sorelektrik.com\/index.php\/urun\/zaman-saatleri\/","og_locale":"tr_TR","og_type":"article","og_title":"Zaman Saatleri - Sor Elektrik","og_description":"Kullan\u0131c\u0131n\u0131n ayarlamas\u0131 dahilinde elektrik devrelerini ayarlamalara ba\u011fl\u0131 olarak otomatik a\u0131p\/kapatan mekanik ve dijital cihazlard\u0131r. \u2022 Sulama alanlar\u0131, ayd\u0131nlatma sistemleri, zil, \u0131s\u0131tma\/so\u011futma sistemlerinde \u2022 220-240V \u00e7al\u0131\u015fma voltaj\u0131 \u2022 50-60 Hz \u00e7al\u0131\u015fma frekans\u0131 \u2022 16A \u2022 R=100h \u2022 G\u00fcnl\u00fck tekrarlama modu \u2022 D\u00f6ner kadran t\u0131rnaklar\u0131 15dk\u2019l\u0131k zaman dilimine sahiptir \u2022 DIN ray\u0131na kolay montaj  TEKN\u0130K \u00d6ZELL\u0130KLER  \u25a0 220 \/ 230 V AC \u25a0 50 \/ 60 Hz frekans \u25a0 Nominal ak\u0131m : 25A ve 40A \u25a0 Nominal \u00e7al\u0131\u015fma voltaj\u0131 (V) : 250 V \u25a0 Nominal darbe dayan\u0131m voltaj\u0131 : 4 kV \u25a0 Maksimum g\u00fc\u00e7 : 1,2W\u2019 da 250 V AC \u25a0 Anahtarlama frekans\u0131 : 100 anahtarlama i\u015flem\/g\u00fcn  Yard\u0131mc\u0131 Kontaklar: \u25a0 1NA \u2013 1NK yard\u0131mc\u0131 kontak  Tamamlay\u0131c\u0131lar: \u25a0 Cihaz \u00fczeri sinyalizasyon ile i\u015flem g\u00f6stergesi \u25a0 Uzaktan kontrol \u25a0 VA cinsinden tutma g\u00fc\u00e7 t\u00fcketimi : 2,7 VA \u25a0 VA cinsinden kalk\u0131\u015f g\u00fc\u00e7 t\u00fcketimi : 9,2 VA \u25a0 Mekanik dayan\u0131kl\u0131l\u0131k 1000000 cycles \u25a0 Kontrol devresi s\u0131kma torku : 0.8 N.m \u25a0 G\u00fc\u00e7 devresi s\u0131kma torku : 0.8 N.m","og_url":"https:\/\/www.sorelektrik.com\/index.php\/urun\/zaman-saatleri\/","og_site_name":"Sor Elektrik","article_modified_time":"2023-09-13T07:21:35+00:00","og_image":[{"width":467,"height":1321,"url":"https:\/\/www.sorelektrik.com\/wp-content\/uploads\/2023\/09\/WhatsApp-Girsel-2022-11-02-saat-11.40.png","type":"image\/png"}],"twitter_card":"summary_large_image","schema":{"@context":"https:\/\/schema.org","@graph":[{"@type":"WebPage","@id":"https:\/\/www.sorelektrik.com\/index.php\/urun\/zaman-saatleri\/","url":"https:\/\/www.sorelektrik.com\/index.php\/urun\/zaman-saatleri\/","name":"Zaman Saatleri - Sor Elektrik","isPartOf":{"@id":"https:\/\/www.sorelektrik.com\/#website"},"primaryImageOfPage":{"@id":"https:\/\/www.sorelektrik.com\/index.php\/urun\/zaman-saatleri\/#primaryimage"},"image":{"@id":"https:\/\/www.sorelektrik.com\/index.php\/urun\/zaman-saatleri\/#primaryimage"},"thumbnailUrl":"https:\/\/www.sorelektrik.com\/wp-content\/uploads\/2023\/09\/WhatsApp-Girsel-2022-11-02-saat-11.40.png","datePublished":"2023-09-13T07:21:34+00:00","dateModified":"2023-09-13T07:21:35+00:00","breadcrumb":{"@id":"https:\/\/www.sorelektrik.com\/index.php\/urun\/zaman-saatleri\/#breadcrumb"},"inLanguage":"tr","potentialAction":[{"@type":"ReadAction","target":["https:\/\/www.sorelektrik.com\/index.php\/urun\/zaman-saatleri\/"]}]},{"@type":"ImageObject","inLanguage":"tr","@id":"https:\/\/www.sorelektrik.com\/index.php\/urun\/zaman-saatleri\/#primaryimage","url":"https:\/\/www.sorelektrik.com\/wp-content\/uploads\/2023\/09\/WhatsApp-Girsel-2022-11-02-saat-11.40.png","contentUrl":"https:\/\/www.sorelektrik.com\/wp-content\/uploads\/2023\/09\/WhatsApp-Girsel-2022-11-02-saat-11.40.png","width":467,"height":1321},{"@type":"BreadcrumbList","@id":"https:\/\/www.sorelektrik.com\/index.php\/urun\/zaman-saatleri\/#breadcrumb","itemListElement":[{"@type":"ListItem","position":1,"name":"Anasayfa","item":"https:\/\/www.sorelektrik.com\/"},{"@type":"ListItem","position":2,"name":"\u00dcr\u00fcnlerimiz","item":"https:\/\/www.sorelektrik.com\/index.php\/urunlerimiz\/"},{"@type":"ListItem","position":3,"name":"Zaman Saatleri"}]},{"@type":"WebSite","@id":"https:\/\/www.sorelektrik.com\/#website","url":"https:\/\/www.sorelektrik.com\/","name":"Sor Elektrik","description":"Kalite Hi\u00e7bir Zaman Tesad\u00fcf De\u011fildir","publisher":{"@id":"https:\/\/www.sorelektrik.com\/#organization"},"alternateName":"http:\/\/www.sorelektrik.com\/","potentialAction":[{"@type":"SearchAction","target":{"@type":"EntryPoint","urlTemplate":"https:\/\/www.sorelektrik.com\/?s={search_term_string}"},"query-input":{"@type":"PropertyValueSpecification","valueRequired":true,"valueName":"search_term_string"}}],"inLanguage":"tr"},{"@type":"Organization","@id":"https:\/\/www.sorelektrik.com\/#organization","name":"Sor Elektrik","alternateName":"http:\/\/www.sorelektrik.com\/","url":"https:\/\/www.sorelektrik.com\/","logo":{"@type":"ImageObject","inLanguage":"tr","@id":"https:\/\/www.sorelektrik.com\/#\/schema\/logo\/image\/","url":"http:\/\/www.sorelektrik.com\/wp-content\/uploads\/2023\/09\/sorlogoicon_Calisma-Yuzeyi-1.png","contentUrl":"http:\/\/www.sorelektrik.com\/wp-content\/uploads\/2023\/09\/sorlogoicon_Calisma-Yuzeyi-1.png","width":2134,"height":2134,"caption":"Sor Elektrik"},"image":{"@id":"https:\/\/www.sorelektrik.com\/#\/schema\/logo\/image\/"}}]}},"_links":{"self":[{"href":"https:\/\/www.sorelektrik.com\/index.php\/wp-json\/wp\/v2\/product\/635","targetHints":{"allow":["GET"]}}],"collection":[{"href":"https:\/\/www.sorelektrik.com\/index.php\/wp-json\/wp\/v2\/product"}],"about":[{"href":"https:\/\/www.sorelektrik.com\/index.php\/wp-json\/wp\/v2\/types\/product"}],"replies":[{"embeddable":true,"href":"https:\/\/www.sorelektrik.com\/index.php\/wp-json\/wp\/v2\/comments?post=635"}],"wp:featuredmedia":[{"embeddable":true,"href":"https:\/\/www.sorelektrik.com\/index.php\/wp-json\/wp\/v2\/media\/636"}],"wp:attachment":[{"href":"https:\/\/www.sorelektrik.com\/index.php\/wp-json\/wp\/v2\/media?parent=635"}],"wp:term":[{"taxonomy":"product_brand","embeddable":true,"href":"https:\/\/www.sorelektrik.com\/index.php\/wp-json\/wp\/v2\/product_brand?post=635"},{"taxonomy":"product_cat","embeddable":true,"href":"https:\/\/www.sorelektrik.com\/index.php\/wp-json\/wp\/v2\/product_cat?post=635"},{"taxonomy":"product_tag","embeddable":true,"href":"https:\/\/www.sorelektrik.com\/index.php\/wp-json\/wp\/v2\/product_tag?post=635"}],"curies":[{"name":"wp","href":"https:\/\/api.w.org\/{rel}","templated":true}]}}