{"id":685,"date":"2023-09-13T11:04:53","date_gmt":"2023-09-13T08:04:53","guid":{"rendered":"http:\/\/www.sorelektrik.com\/?post_type=product&#038;p=685"},"modified":"2023-09-13T11:04:54","modified_gmt":"2023-09-13T08:04:54","slug":"yatay-tip","status":"publish","type":"product","link":"https:\/\/www.sorelektrik.com\/index.php\/urun\/yatay-tip\/","title":{"rendered":"Yatay Tip"},"content":{"rendered":"","protected":false},"excerpt":{"rendered":"<p>XKoren Electric yatay tip sigortal\u0131 y\u00fck ay\u0131r\u0131c\u0131lar\u0131, NH sigortalar ile birlikte kullan\u0131ld\u0131\u011f\u0131nda, devreyi manuel olarak a\u00e7\u0131p kapatman\u0131n yan\u0131nda, olu\u015fabilecek bir k\u0131sa devre veya a\u015f\u0131r\u0131 y\u00fck ak\u0131m\u0131 durumunda devreyi g\u00fcvenli bir \u015fekilde kesmeye yarayan elektriksel devre koruma ve kontrol eleman\u0131d\u0131r.<\/p>\n<p>TEKN\u0130K \u00d6ZELL\u0130KLER<\/p>\n<p>\u25a0 400A\u2019e kadar NH sigortalar\u0131n kullan\u0131m\u0131na uygun 00, 1, 2 olmak \u00fczere 3 fark\u0131 boy<br \/>\n\u25a0 Pano \u00fcreticileri, elektrik da\u011f\u0131t\u0131m firmalar\u0131, proje firmalar\u0131 i\u00e7in uygun<br \/>\n\u25a0 Bak\u0131m ve onar\u0131m g\u00fcvenli\u011fi i\u00e7in kilitlenebilme \u00f6zelli\u011fine sahip<br \/>\n\u25a0 NH sigortalar i\u00e7in kolay \u00f6l\u00e7\u00fcm imkan\u0131<\/p>\n","protected":false},"featured_media":686,"comment_status":"closed","ping_status":"closed","template":"","meta":[],"product_brand":[],"product_cat":[53],"product_tag":[],"class_list":{"0":"post-685","1":"product","2":"type-product","3":"status-publish","4":"has-post-thumbnail","6":"product_cat-yatay-tip-sigortali-yuk-ayiricilari","8":"first","9":"instock","10":"shipping-taxable","11":"product-type-simple"},"yoast_head":"<!-- This site is optimized with the Yoast SEO plugin v27.5 - https:\/\/yoast.com\/product\/yoast-seo-wordpress\/ -->\n<title>Yatay Tip - Sor Elektrik<\/title>\n<meta name=\"robots\" content=\"index, follow, max-snippet:-1, max-image-preview:large, max-video-preview:-1\" \/>\n<link rel=\"canonical\" href=\"https:\/\/www.sorelektrik.com\/index.php\/urun\/yatay-tip\/\" \/>\n<meta property=\"og:locale\" content=\"tr_TR\" \/>\n<meta property=\"og:type\" content=\"article\" \/>\n<meta property=\"og:title\" content=\"Yatay Tip - Sor Elektrik\" \/>\n<meta property=\"og:description\" content=\"XKoren Electric yatay tip sigortal\u0131 y\u00fck ay\u0131r\u0131c\u0131lar\u0131, NH sigortalar ile birlikte kullan\u0131ld\u0131\u011f\u0131nda, devreyi manuel olarak a\u00e7\u0131p kapatman\u0131n yan\u0131nda, olu\u015fabilecek bir k\u0131sa devre veya a\u015f\u0131r\u0131 y\u00fck ak\u0131m\u0131 durumunda devreyi g\u00fcvenli bir \u015fekilde kesmeye yarayan elektriksel devre koruma ve kontrol eleman\u0131d\u0131r.  TEKN\u0130K \u00d6ZELL\u0130KLER  \u25a0 400A\u2019e kadar NH sigortalar\u0131n kullan\u0131m\u0131na uygun 00, 1, 2 olmak \u00fczere 3 fark\u0131 boy \u25a0 Pano \u00fcreticileri, elektrik da\u011f\u0131t\u0131m firmalar\u0131, proje firmalar\u0131 i\u00e7in uygun \u25a0 Bak\u0131m ve onar\u0131m g\u00fcvenli\u011fi i\u00e7in kilitlenebilme \u00f6zelli\u011fine sahip \u25a0 NH sigortalar i\u00e7in kolay \u00f6l\u00e7\u00fcm imkan\u0131\" \/>\n<meta property=\"og:url\" content=\"https:\/\/www.sorelektrik.com\/index.php\/urun\/yatay-tip\/\" \/>\n<meta property=\"og:site_name\" content=\"Sor Elektrik\" \/>\n<meta property=\"article:modified_time\" content=\"2023-09-13T08:04:54+00:00\" \/>\n<meta property=\"og:image\" content=\"https:\/\/www.sorelektrik.com\/wp-content\/uploads\/2023\/09\/Yatay-tip-yuk-ayirici.png\" \/>\n\t<meta property=\"og:image:width\" content=\"1272\" \/>\n\t<meta property=\"og:image:height\" content=\"900\" \/>\n\t<meta property=\"og:image:type\" content=\"image\/png\" \/>\n<meta name=\"twitter:card\" content=\"summary_large_image\" \/>\n<script type=\"application\/ld+json\" class=\"yoast-schema-graph\">{\"@context\":\"https:\\\/\\\/schema.org\",\"@graph\":[{\"@type\":\"WebPage\",\"@id\":\"https:\\\/\\\/www.sorelektrik.com\\\/index.php\\\/urun\\\/yatay-tip\\\/\",\"url\":\"https:\\\/\\\/www.sorelektrik.com\\\/index.php\\\/urun\\\/yatay-tip\\\/\",\"name\":\"Yatay Tip - Sor Elektrik\",\"isPartOf\":{\"@id\":\"https:\\\/\\\/www.sorelektrik.com\\\/#website\"},\"primaryImageOfPage\":{\"@id\":\"https:\\\/\\\/www.sorelektrik.com\\\/index.php\\\/urun\\\/yatay-tip\\\/#primaryimage\"},\"image\":{\"@id\":\"https:\\\/\\\/www.sorelektrik.com\\\/index.php\\\/urun\\\/yatay-tip\\\/#primaryimage\"},\"thumbnailUrl\":\"https:\\\/\\\/www.sorelektrik.com\\\/wp-content\\\/uploads\\\/2023\\\/09\\\/Yatay-tip-yuk-ayirici.png\",\"datePublished\":\"2023-09-13T08:04:53+00:00\",\"dateModified\":\"2023-09-13T08:04:54+00:00\",\"breadcrumb\":{\"@id\":\"https:\\\/\\\/www.sorelektrik.com\\\/index.php\\\/urun\\\/yatay-tip\\\/#breadcrumb\"},\"inLanguage\":\"tr\",\"potentialAction\":[{\"@type\":\"ReadAction\",\"target\":[\"https:\\\/\\\/www.sorelektrik.com\\\/index.php\\\/urun\\\/yatay-tip\\\/\"]}]},{\"@type\":\"ImageObject\",\"inLanguage\":\"tr\",\"@id\":\"https:\\\/\\\/www.sorelektrik.com\\\/index.php\\\/urun\\\/yatay-tip\\\/#primaryimage\",\"url\":\"https:\\\/\\\/www.sorelektrik.com\\\/wp-content\\\/uploads\\\/2023\\\/09\\\/Yatay-tip-yuk-ayirici.png\",\"contentUrl\":\"https:\\\/\\\/www.sorelektrik.com\\\/wp-content\\\/uploads\\\/2023\\\/09\\\/Yatay-tip-yuk-ayirici.png\",\"width\":1272,\"height\":900},{\"@type\":\"BreadcrumbList\",\"@id\":\"https:\\\/\\\/www.sorelektrik.com\\\/index.php\\\/urun\\\/yatay-tip\\\/#breadcrumb\",\"itemListElement\":[{\"@type\":\"ListItem\",\"position\":1,\"name\":\"Anasayfa\",\"item\":\"https:\\\/\\\/www.sorelektrik.com\\\/\"},{\"@type\":\"ListItem\",\"position\":2,\"name\":\"\u00dcr\u00fcnlerimiz\",\"item\":\"https:\\\/\\\/www.sorelektrik.com\\\/index.php\\\/urunlerimiz\\\/\"},{\"@type\":\"ListItem\",\"position\":3,\"name\":\"Yatay Tip\"}]},{\"@type\":\"WebSite\",\"@id\":\"https:\\\/\\\/www.sorelektrik.com\\\/#website\",\"url\":\"https:\\\/\\\/www.sorelektrik.com\\\/\",\"name\":\"Sor Elektrik\",\"description\":\"Kalite Hi\u00e7bir Zaman Tesad\u00fcf De\u011fildir\",\"publisher\":{\"@id\":\"https:\\\/\\\/www.sorelektrik.com\\\/#organization\"},\"alternateName\":\"http:\\\/\\\/www.sorelektrik.com\\\/\",\"potentialAction\":[{\"@type\":\"SearchAction\",\"target\":{\"@type\":\"EntryPoint\",\"urlTemplate\":\"https:\\\/\\\/www.sorelektrik.com\\\/?s={search_term_string}\"},\"query-input\":{\"@type\":\"PropertyValueSpecification\",\"valueRequired\":true,\"valueName\":\"search_term_string\"}}],\"inLanguage\":\"tr\"},{\"@type\":\"Organization\",\"@id\":\"https:\\\/\\\/www.sorelektrik.com\\\/#organization\",\"name\":\"Sor Elektrik\",\"alternateName\":\"http:\\\/\\\/www.sorelektrik.com\\\/\",\"url\":\"https:\\\/\\\/www.sorelektrik.com\\\/\",\"logo\":{\"@type\":\"ImageObject\",\"inLanguage\":\"tr\",\"@id\":\"https:\\\/\\\/www.sorelektrik.com\\\/#\\\/schema\\\/logo\\\/image\\\/\",\"url\":\"http:\\\/\\\/www.sorelektrik.com\\\/wp-content\\\/uploads\\\/2023\\\/09\\\/sorlogoicon_Calisma-Yuzeyi-1.png\",\"contentUrl\":\"http:\\\/\\\/www.sorelektrik.com\\\/wp-content\\\/uploads\\\/2023\\\/09\\\/sorlogoicon_Calisma-Yuzeyi-1.png\",\"width\":2134,\"height\":2134,\"caption\":\"Sor Elektrik\"},\"image\":{\"@id\":\"https:\\\/\\\/www.sorelektrik.com\\\/#\\\/schema\\\/logo\\\/image\\\/\"}}]}<\/script>\n<!-- \/ Yoast SEO plugin. -->","yoast_head_json":{"title":"Yatay Tip - Sor Elektrik","robots":{"index":"index","follow":"follow","max-snippet":"max-snippet:-1","max-image-preview":"max-image-preview:large","max-video-preview":"max-video-preview:-1"},"canonical":"https:\/\/www.sorelektrik.com\/index.php\/urun\/yatay-tip\/","og_locale":"tr_TR","og_type":"article","og_title":"Yatay Tip - Sor Elektrik","og_description":"XKoren Electric yatay tip sigortal\u0131 y\u00fck ay\u0131r\u0131c\u0131lar\u0131, NH sigortalar ile birlikte kullan\u0131ld\u0131\u011f\u0131nda, devreyi manuel olarak a\u00e7\u0131p kapatman\u0131n yan\u0131nda, olu\u015fabilecek bir k\u0131sa devre veya a\u015f\u0131r\u0131 y\u00fck ak\u0131m\u0131 durumunda devreyi g\u00fcvenli bir \u015fekilde kesmeye yarayan elektriksel devre koruma ve kontrol eleman\u0131d\u0131r.  TEKN\u0130K \u00d6ZELL\u0130KLER  \u25a0 400A\u2019e kadar NH sigortalar\u0131n kullan\u0131m\u0131na uygun 00, 1, 2 olmak \u00fczere 3 fark\u0131 boy \u25a0 Pano \u00fcreticileri, elektrik da\u011f\u0131t\u0131m firmalar\u0131, proje firmalar\u0131 i\u00e7in uygun \u25a0 Bak\u0131m ve onar\u0131m g\u00fcvenli\u011fi i\u00e7in kilitlenebilme \u00f6zelli\u011fine sahip \u25a0 NH sigortalar i\u00e7in kolay \u00f6l\u00e7\u00fcm imkan\u0131","og_url":"https:\/\/www.sorelektrik.com\/index.php\/urun\/yatay-tip\/","og_site_name":"Sor Elektrik","article_modified_time":"2023-09-13T08:04:54+00:00","og_image":[{"width":1272,"height":900,"url":"https:\/\/www.sorelektrik.com\/wp-content\/uploads\/2023\/09\/Yatay-tip-yuk-ayirici.png","type":"image\/png"}],"twitter_card":"summary_large_image","schema":{"@context":"https:\/\/schema.org","@graph":[{"@type":"WebPage","@id":"https:\/\/www.sorelektrik.com\/index.php\/urun\/yatay-tip\/","url":"https:\/\/www.sorelektrik.com\/index.php\/urun\/yatay-tip\/","name":"Yatay Tip - Sor Elektrik","isPartOf":{"@id":"https:\/\/www.sorelektrik.com\/#website"},"primaryImageOfPage":{"@id":"https:\/\/www.sorelektrik.com\/index.php\/urun\/yatay-tip\/#primaryimage"},"image":{"@id":"https:\/\/www.sorelektrik.com\/index.php\/urun\/yatay-tip\/#primaryimage"},"thumbnailUrl":"https:\/\/www.sorelektrik.com\/wp-content\/uploads\/2023\/09\/Yatay-tip-yuk-ayirici.png","datePublished":"2023-09-13T08:04:53+00:00","dateModified":"2023-09-13T08:04:54+00:00","breadcrumb":{"@id":"https:\/\/www.sorelektrik.com\/index.php\/urun\/yatay-tip\/#breadcrumb"},"inLanguage":"tr","potentialAction":[{"@type":"ReadAction","target":["https:\/\/www.sorelektrik.com\/index.php\/urun\/yatay-tip\/"]}]},{"@type":"ImageObject","inLanguage":"tr","@id":"https:\/\/www.sorelektrik.com\/index.php\/urun\/yatay-tip\/#primaryimage","url":"https:\/\/www.sorelektrik.com\/wp-content\/uploads\/2023\/09\/Yatay-tip-yuk-ayirici.png","contentUrl":"https:\/\/www.sorelektrik.com\/wp-content\/uploads\/2023\/09\/Yatay-tip-yuk-ayirici.png","width":1272,"height":900},{"@type":"BreadcrumbList","@id":"https:\/\/www.sorelektrik.com\/index.php\/urun\/yatay-tip\/#breadcrumb","itemListElement":[{"@type":"ListItem","position":1,"name":"Anasayfa","item":"https:\/\/www.sorelektrik.com\/"},{"@type":"ListItem","position":2,"name":"\u00dcr\u00fcnlerimiz","item":"https:\/\/www.sorelektrik.com\/index.php\/urunlerimiz\/"},{"@type":"ListItem","position":3,"name":"Yatay Tip"}]},{"@type":"WebSite","@id":"https:\/\/www.sorelektrik.com\/#website","url":"https:\/\/www.sorelektrik.com\/","name":"Sor Elektrik","description":"Kalite Hi\u00e7bir Zaman Tesad\u00fcf De\u011fildir","publisher":{"@id":"https:\/\/www.sorelektrik.com\/#organization"},"alternateName":"http:\/\/www.sorelektrik.com\/","potentialAction":[{"@type":"SearchAction","target":{"@type":"EntryPoint","urlTemplate":"https:\/\/www.sorelektrik.com\/?s={search_term_string}"},"query-input":{"@type":"PropertyValueSpecification","valueRequired":true,"valueName":"search_term_string"}}],"inLanguage":"tr"},{"@type":"Organization","@id":"https:\/\/www.sorelektrik.com\/#organization","name":"Sor Elektrik","alternateName":"http:\/\/www.sorelektrik.com\/","url":"https:\/\/www.sorelektrik.com\/","logo":{"@type":"ImageObject","inLanguage":"tr","@id":"https:\/\/www.sorelektrik.com\/#\/schema\/logo\/image\/","url":"http:\/\/www.sorelektrik.com\/wp-content\/uploads\/2023\/09\/sorlogoicon_Calisma-Yuzeyi-1.png","contentUrl":"http:\/\/www.sorelektrik.com\/wp-content\/uploads\/2023\/09\/sorlogoicon_Calisma-Yuzeyi-1.png","width":2134,"height":2134,"caption":"Sor Elektrik"},"image":{"@id":"https:\/\/www.sorelektrik.com\/#\/schema\/logo\/image\/"}}]}},"_links":{"self":[{"href":"https:\/\/www.sorelektrik.com\/index.php\/wp-json\/wp\/v2\/product\/685","targetHints":{"allow":["GET"]}}],"collection":[{"href":"https:\/\/www.sorelektrik.com\/index.php\/wp-json\/wp\/v2\/product"}],"about":[{"href":"https:\/\/www.sorelektrik.com\/index.php\/wp-json\/wp\/v2\/types\/product"}],"replies":[{"embeddable":true,"href":"https:\/\/www.sorelektrik.com\/index.php\/wp-json\/wp\/v2\/comments?post=685"}],"wp:featuredmedia":[{"embeddable":true,"href":"https:\/\/www.sorelektrik.com\/index.php\/wp-json\/wp\/v2\/media\/686"}],"wp:attachment":[{"href":"https:\/\/www.sorelektrik.com\/index.php\/wp-json\/wp\/v2\/media?parent=685"}],"wp:term":[{"taxonomy":"product_brand","embeddable":true,"href":"https:\/\/www.sorelektrik.com\/index.php\/wp-json\/wp\/v2\/product_brand?post=685"},{"taxonomy":"product_cat","embeddable":true,"href":"https:\/\/www.sorelektrik.com\/index.php\/wp-json\/wp\/v2\/product_cat?post=685"},{"taxonomy":"product_tag","embeddable":true,"href":"https:\/\/www.sorelektrik.com\/index.php\/wp-json\/wp\/v2\/product_tag?post=685"}],"curies":[{"name":"wp","href":"https:\/\/api.w.org\/{rel}","templated":true}]}}