{"id":692,"date":"2023-09-13T11:20:37","date_gmt":"2023-09-13T08:20:37","guid":{"rendered":"http:\/\/www.sorelektrik.com\/?post_type=product&#038;p=692"},"modified":"2023-09-13T11:20:39","modified_gmt":"2023-09-13T08:20:39","slug":"xpd-c","status":"publish","type":"product","link":"https:\/\/www.sorelektrik.com\/index.php\/urun\/xpd-c\/","title":{"rendered":"XPD-C"},"content":{"rendered":"","protected":false},"excerpt":{"rendered":"<p>Al\u00e7ak gerilim tesislerinde a\u015f\u0131r\u0131 gerilimi s\u0131n\u0131rlamak \u00fczere \u00fcretilen XKoren Elevtric XPD-D parafudrlar, elektronik cihazlar\u0131n korunmas\u0131 amac\u0131yla kullan\u0131lmaktad\u0131r. Korunmak istenen bilgisayarlar, fotokopi makineleri, televizyon, telekominikasyon sistemleri gibi hassas elektronk cihazlar\u0131n Tip 2 yani D tipi parafudrun bulundu\u011fu da\u011f\u0131t\u0131m panosuna olan uzakl\u0131\u011f\u0131 30m\u2019 yi a\u015ft\u0131\u011f\u0131 durumlarda ek olarak bu parafudr tipleri kullan\u0131lmal\u0131d\u0131r.<\/p>\n<p>TEKN\u0130K \u00d6ZELL\u0130KLER<\/p>\n<p>\u25a0 Kutup say\u0131s\u0131: 1P<br \/>\n\u25a0 Maksimum \u00e7al\u0131\u015fma gerilimi: 275V<br \/>\n\u25a0 Gerilim koruma seviyesi Up: 0,9 kV<br \/>\n\u25a0 Maksimum de\u015farj ak\u0131m\u0131: 5kA<br \/>\n\u25a0 Nominal ak\u0131m: 3 kA<br \/>\n\u25a0 (L\/N) Hatt\u0131 kesiti: 6 mm\u00b2<br \/>\n\u25a0 (PE) Hatt\u0131 kesiti: 10 mm\u00b2<br \/>\n\u25a0 Sigorta ve \u015falter ak\u0131m\u0131: 25A<\/p>\n","protected":false},"featured_media":693,"comment_status":"closed","ping_status":"closed","template":"","meta":[],"product_brand":[],"product_cat":[54],"product_tag":[],"class_list":{"0":"post-692","1":"product","2":"type-product","3":"status-publish","4":"has-post-thumbnail","6":"product_cat-parafudrlar","8":"first","9":"instock","10":"shipping-taxable","11":"product-type-simple"},"yoast_head":"<!-- This site is optimized with the Yoast SEO plugin v27.5 - https:\/\/yoast.com\/product\/yoast-seo-wordpress\/ -->\n<title>XPD-C - Sor Elektrik<\/title>\n<meta name=\"robots\" content=\"index, follow, max-snippet:-1, max-image-preview:large, max-video-preview:-1\" \/>\n<link rel=\"canonical\" href=\"https:\/\/www.sorelektrik.com\/index.php\/urun\/xpd-c\/\" \/>\n<meta property=\"og:locale\" content=\"tr_TR\" \/>\n<meta property=\"og:type\" content=\"article\" \/>\n<meta property=\"og:title\" content=\"XPD-C - Sor Elektrik\" \/>\n<meta property=\"og:description\" content=\"Al\u00e7ak gerilim tesislerinde a\u015f\u0131r\u0131 gerilimi s\u0131n\u0131rlamak \u00fczere \u00fcretilen XKoren Elevtric XPD-D parafudrlar, elektronik cihazlar\u0131n korunmas\u0131 amac\u0131yla kullan\u0131lmaktad\u0131r. Korunmak istenen bilgisayarlar, fotokopi makineleri, televizyon, telekominikasyon sistemleri gibi hassas elektronk cihazlar\u0131n Tip 2 yani D tipi parafudrun bulundu\u011fu da\u011f\u0131t\u0131m panosuna olan uzakl\u0131\u011f\u0131 30m\u2019 yi a\u015ft\u0131\u011f\u0131 durumlarda ek olarak bu parafudr tipleri kullan\u0131lmal\u0131d\u0131r.  TEKN\u0130K \u00d6ZELL\u0130KLER  \u25a0 Kutup say\u0131s\u0131: 1P \u25a0 Maksimum \u00e7al\u0131\u015fma gerilimi: 275V \u25a0 Gerilim koruma seviyesi Up: 0,9 kV \u25a0 Maksimum de\u015farj ak\u0131m\u0131: 5kA \u25a0 Nominal ak\u0131m: 3 kA \u25a0 (L\/N) Hatt\u0131 kesiti: 6 mm\u00b2 \u25a0 (PE) Hatt\u0131 kesiti: 10 mm\u00b2 \u25a0 Sigorta ve \u015falter ak\u0131m\u0131: 25A\" \/>\n<meta property=\"og:url\" content=\"https:\/\/www.sorelektrik.com\/index.php\/urun\/xpd-c\/\" \/>\n<meta property=\"og:site_name\" content=\"Sor Elektrik\" \/>\n<meta property=\"article:modified_time\" content=\"2023-09-13T08:20:39+00:00\" \/>\n<meta property=\"og:image\" content=\"https:\/\/www.sorelektrik.com\/wp-content\/uploads\/2023\/09\/IMG-20221102-WA0004.png\" \/>\n\t<meta property=\"og:image:width\" content=\"384\" \/>\n\t<meta property=\"og:image:height\" content=\"900\" \/>\n\t<meta property=\"og:image:type\" content=\"image\/png\" \/>\n<meta name=\"twitter:card\" content=\"summary_large_image\" \/>\n<script type=\"application\/ld+json\" class=\"yoast-schema-graph\">{\"@context\":\"https:\\\/\\\/schema.org\",\"@graph\":[{\"@type\":\"WebPage\",\"@id\":\"https:\\\/\\\/www.sorelektrik.com\\\/index.php\\\/urun\\\/xpd-c\\\/\",\"url\":\"https:\\\/\\\/www.sorelektrik.com\\\/index.php\\\/urun\\\/xpd-c\\\/\",\"name\":\"XPD-C - Sor Elektrik\",\"isPartOf\":{\"@id\":\"https:\\\/\\\/www.sorelektrik.com\\\/#website\"},\"primaryImageOfPage\":{\"@id\":\"https:\\\/\\\/www.sorelektrik.com\\\/index.php\\\/urun\\\/xpd-c\\\/#primaryimage\"},\"image\":{\"@id\":\"https:\\\/\\\/www.sorelektrik.com\\\/index.php\\\/urun\\\/xpd-c\\\/#primaryimage\"},\"thumbnailUrl\":\"https:\\\/\\\/www.sorelektrik.com\\\/wp-content\\\/uploads\\\/2023\\\/09\\\/IMG-20221102-WA0004.png\",\"datePublished\":\"2023-09-13T08:20:37+00:00\",\"dateModified\":\"2023-09-13T08:20:39+00:00\",\"breadcrumb\":{\"@id\":\"https:\\\/\\\/www.sorelektrik.com\\\/index.php\\\/urun\\\/xpd-c\\\/#breadcrumb\"},\"inLanguage\":\"tr\",\"potentialAction\":[{\"@type\":\"ReadAction\",\"target\":[\"https:\\\/\\\/www.sorelektrik.com\\\/index.php\\\/urun\\\/xpd-c\\\/\"]}]},{\"@type\":\"ImageObject\",\"inLanguage\":\"tr\",\"@id\":\"https:\\\/\\\/www.sorelektrik.com\\\/index.php\\\/urun\\\/xpd-c\\\/#primaryimage\",\"url\":\"https:\\\/\\\/www.sorelektrik.com\\\/wp-content\\\/uploads\\\/2023\\\/09\\\/IMG-20221102-WA0004.png\",\"contentUrl\":\"https:\\\/\\\/www.sorelektrik.com\\\/wp-content\\\/uploads\\\/2023\\\/09\\\/IMG-20221102-WA0004.png\",\"width\":384,\"height\":900},{\"@type\":\"BreadcrumbList\",\"@id\":\"https:\\\/\\\/www.sorelektrik.com\\\/index.php\\\/urun\\\/xpd-c\\\/#breadcrumb\",\"itemListElement\":[{\"@type\":\"ListItem\",\"position\":1,\"name\":\"Anasayfa\",\"item\":\"https:\\\/\\\/www.sorelektrik.com\\\/\"},{\"@type\":\"ListItem\",\"position\":2,\"name\":\"\u00dcr\u00fcnlerimiz\",\"item\":\"https:\\\/\\\/www.sorelektrik.com\\\/index.php\\\/urunlerimiz\\\/\"},{\"@type\":\"ListItem\",\"position\":3,\"name\":\"XPD-C\"}]},{\"@type\":\"WebSite\",\"@id\":\"https:\\\/\\\/www.sorelektrik.com\\\/#website\",\"url\":\"https:\\\/\\\/www.sorelektrik.com\\\/\",\"name\":\"Sor Elektrik\",\"description\":\"Kalite Hi\u00e7bir Zaman Tesad\u00fcf De\u011fildir\",\"publisher\":{\"@id\":\"https:\\\/\\\/www.sorelektrik.com\\\/#organization\"},\"alternateName\":\"http:\\\/\\\/www.sorelektrik.com\\\/\",\"potentialAction\":[{\"@type\":\"SearchAction\",\"target\":{\"@type\":\"EntryPoint\",\"urlTemplate\":\"https:\\\/\\\/www.sorelektrik.com\\\/?s={search_term_string}\"},\"query-input\":{\"@type\":\"PropertyValueSpecification\",\"valueRequired\":true,\"valueName\":\"search_term_string\"}}],\"inLanguage\":\"tr\"},{\"@type\":\"Organization\",\"@id\":\"https:\\\/\\\/www.sorelektrik.com\\\/#organization\",\"name\":\"Sor Elektrik\",\"alternateName\":\"http:\\\/\\\/www.sorelektrik.com\\\/\",\"url\":\"https:\\\/\\\/www.sorelektrik.com\\\/\",\"logo\":{\"@type\":\"ImageObject\",\"inLanguage\":\"tr\",\"@id\":\"https:\\\/\\\/www.sorelektrik.com\\\/#\\\/schema\\\/logo\\\/image\\\/\",\"url\":\"http:\\\/\\\/www.sorelektrik.com\\\/wp-content\\\/uploads\\\/2023\\\/09\\\/sorlogoicon_Calisma-Yuzeyi-1.png\",\"contentUrl\":\"http:\\\/\\\/www.sorelektrik.com\\\/wp-content\\\/uploads\\\/2023\\\/09\\\/sorlogoicon_Calisma-Yuzeyi-1.png\",\"width\":2134,\"height\":2134,\"caption\":\"Sor Elektrik\"},\"image\":{\"@id\":\"https:\\\/\\\/www.sorelektrik.com\\\/#\\\/schema\\\/logo\\\/image\\\/\"}}]}<\/script>\n<!-- \/ Yoast SEO plugin. -->","yoast_head_json":{"title":"XPD-C - Sor Elektrik","robots":{"index":"index","follow":"follow","max-snippet":"max-snippet:-1","max-image-preview":"max-image-preview:large","max-video-preview":"max-video-preview:-1"},"canonical":"https:\/\/www.sorelektrik.com\/index.php\/urun\/xpd-c\/","og_locale":"tr_TR","og_type":"article","og_title":"XPD-C - Sor Elektrik","og_description":"Al\u00e7ak gerilim tesislerinde a\u015f\u0131r\u0131 gerilimi s\u0131n\u0131rlamak \u00fczere \u00fcretilen XKoren Elevtric XPD-D parafudrlar, elektronik cihazlar\u0131n korunmas\u0131 amac\u0131yla kullan\u0131lmaktad\u0131r. Korunmak istenen bilgisayarlar, fotokopi makineleri, televizyon, telekominikasyon sistemleri gibi hassas elektronk cihazlar\u0131n Tip 2 yani D tipi parafudrun bulundu\u011fu da\u011f\u0131t\u0131m panosuna olan uzakl\u0131\u011f\u0131 30m\u2019 yi a\u015ft\u0131\u011f\u0131 durumlarda ek olarak bu parafudr tipleri kullan\u0131lmal\u0131d\u0131r.  TEKN\u0130K \u00d6ZELL\u0130KLER  \u25a0 Kutup say\u0131s\u0131: 1P \u25a0 Maksimum \u00e7al\u0131\u015fma gerilimi: 275V \u25a0 Gerilim koruma seviyesi Up: 0,9 kV \u25a0 Maksimum de\u015farj ak\u0131m\u0131: 5kA \u25a0 Nominal ak\u0131m: 3 kA \u25a0 (L\/N) Hatt\u0131 kesiti: 6 mm\u00b2 \u25a0 (PE) Hatt\u0131 kesiti: 10 mm\u00b2 \u25a0 Sigorta ve \u015falter ak\u0131m\u0131: 25A","og_url":"https:\/\/www.sorelektrik.com\/index.php\/urun\/xpd-c\/","og_site_name":"Sor Elektrik","article_modified_time":"2023-09-13T08:20:39+00:00","og_image":[{"width":384,"height":900,"url":"https:\/\/www.sorelektrik.com\/wp-content\/uploads\/2023\/09\/IMG-20221102-WA0004.png","type":"image\/png"}],"twitter_card":"summary_large_image","schema":{"@context":"https:\/\/schema.org","@graph":[{"@type":"WebPage","@id":"https:\/\/www.sorelektrik.com\/index.php\/urun\/xpd-c\/","url":"https:\/\/www.sorelektrik.com\/index.php\/urun\/xpd-c\/","name":"XPD-C - Sor Elektrik","isPartOf":{"@id":"https:\/\/www.sorelektrik.com\/#website"},"primaryImageOfPage":{"@id":"https:\/\/www.sorelektrik.com\/index.php\/urun\/xpd-c\/#primaryimage"},"image":{"@id":"https:\/\/www.sorelektrik.com\/index.php\/urun\/xpd-c\/#primaryimage"},"thumbnailUrl":"https:\/\/www.sorelektrik.com\/wp-content\/uploads\/2023\/09\/IMG-20221102-WA0004.png","datePublished":"2023-09-13T08:20:37+00:00","dateModified":"2023-09-13T08:20:39+00:00","breadcrumb":{"@id":"https:\/\/www.sorelektrik.com\/index.php\/urun\/xpd-c\/#breadcrumb"},"inLanguage":"tr","potentialAction":[{"@type":"ReadAction","target":["https:\/\/www.sorelektrik.com\/index.php\/urun\/xpd-c\/"]}]},{"@type":"ImageObject","inLanguage":"tr","@id":"https:\/\/www.sorelektrik.com\/index.php\/urun\/xpd-c\/#primaryimage","url":"https:\/\/www.sorelektrik.com\/wp-content\/uploads\/2023\/09\/IMG-20221102-WA0004.png","contentUrl":"https:\/\/www.sorelektrik.com\/wp-content\/uploads\/2023\/09\/IMG-20221102-WA0004.png","width":384,"height":900},{"@type":"BreadcrumbList","@id":"https:\/\/www.sorelektrik.com\/index.php\/urun\/xpd-c\/#breadcrumb","itemListElement":[{"@type":"ListItem","position":1,"name":"Anasayfa","item":"https:\/\/www.sorelektrik.com\/"},{"@type":"ListItem","position":2,"name":"\u00dcr\u00fcnlerimiz","item":"https:\/\/www.sorelektrik.com\/index.php\/urunlerimiz\/"},{"@type":"ListItem","position":3,"name":"XPD-C"}]},{"@type":"WebSite","@id":"https:\/\/www.sorelektrik.com\/#website","url":"https:\/\/www.sorelektrik.com\/","name":"Sor Elektrik","description":"Kalite Hi\u00e7bir Zaman Tesad\u00fcf De\u011fildir","publisher":{"@id":"https:\/\/www.sorelektrik.com\/#organization"},"alternateName":"http:\/\/www.sorelektrik.com\/","potentialAction":[{"@type":"SearchAction","target":{"@type":"EntryPoint","urlTemplate":"https:\/\/www.sorelektrik.com\/?s={search_term_string}"},"query-input":{"@type":"PropertyValueSpecification","valueRequired":true,"valueName":"search_term_string"}}],"inLanguage":"tr"},{"@type":"Organization","@id":"https:\/\/www.sorelektrik.com\/#organization","name":"Sor Elektrik","alternateName":"http:\/\/www.sorelektrik.com\/","url":"https:\/\/www.sorelektrik.com\/","logo":{"@type":"ImageObject","inLanguage":"tr","@id":"https:\/\/www.sorelektrik.com\/#\/schema\/logo\/image\/","url":"http:\/\/www.sorelektrik.com\/wp-content\/uploads\/2023\/09\/sorlogoicon_Calisma-Yuzeyi-1.png","contentUrl":"http:\/\/www.sorelektrik.com\/wp-content\/uploads\/2023\/09\/sorlogoicon_Calisma-Yuzeyi-1.png","width":2134,"height":2134,"caption":"Sor Elektrik"},"image":{"@id":"https:\/\/www.sorelektrik.com\/#\/schema\/logo\/image\/"}}]}},"_links":{"self":[{"href":"https:\/\/www.sorelektrik.com\/index.php\/wp-json\/wp\/v2\/product\/692","targetHints":{"allow":["GET"]}}],"collection":[{"href":"https:\/\/www.sorelektrik.com\/index.php\/wp-json\/wp\/v2\/product"}],"about":[{"href":"https:\/\/www.sorelektrik.com\/index.php\/wp-json\/wp\/v2\/types\/product"}],"replies":[{"embeddable":true,"href":"https:\/\/www.sorelektrik.com\/index.php\/wp-json\/wp\/v2\/comments?post=692"}],"wp:featuredmedia":[{"embeddable":true,"href":"https:\/\/www.sorelektrik.com\/index.php\/wp-json\/wp\/v2\/media\/693"}],"wp:attachment":[{"href":"https:\/\/www.sorelektrik.com\/index.php\/wp-json\/wp\/v2\/media?parent=692"}],"wp:term":[{"taxonomy":"product_brand","embeddable":true,"href":"https:\/\/www.sorelektrik.com\/index.php\/wp-json\/wp\/v2\/product_brand?post=692"},{"taxonomy":"product_cat","embeddable":true,"href":"https:\/\/www.sorelektrik.com\/index.php\/wp-json\/wp\/v2\/product_cat?post=692"},{"taxonomy":"product_tag","embeddable":true,"href":"https:\/\/www.sorelektrik.com\/index.php\/wp-json\/wp\/v2\/product_tag?post=692"}],"curies":[{"name":"wp","href":"https:\/\/api.w.org\/{rel}","templated":true}]}}